{"id":68,"date":"2021-06-05T06:51:03","date_gmt":"2021-06-05T06:51:03","guid":{"rendered":"https:\/\/mockenundheinen.de\/wp-home\/?page_id=68"},"modified":"2021-06-05T10:45:53","modified_gmt":"2021-06-05T10:45:53","slug":"aussen-ausbau","status":"publish","type":"page","link":"https:\/\/mockenundheinen.de\/index.php\/aussen-ausbau\/","title":{"rendered":"Metallbau Au\u00dfenbereich"},"content":{"rendered":"\n<p>Wir bieten Ihnen auch f\u00fcr den Au\u00dfenbereich professionellen Metallbau der keine W\u00fcnsche offen l\u00e4sst. Beispiele w\u00e4ren da z.B. Balkongel\u00e4nder, Terrassengel\u00e4nder, Au\u00dfentreppen, Podeste oder Vord\u00e4cher f\u00fcr Ihre Eingangst\u00fcre und vieles mehr. Dazu k\u00f6nnen die Unterschiedlichsten Materialien eingesetzt werden. Wie z.B. Edelstahl (V2A oder V4A) sowie verzinkter oder lackierter Stahl.<br><\/p>\n\n\n\n<figure class=\"wp-block-gallery columns-3 is-cropped wp-block-gallery-1 is-layout-flex wp-block-gallery-is-layout-flex\"><ul class=\"blocks-gallery-grid\"><li class=\"blocks-gallery-item\"><figure><img loading=\"lazy\" decoding=\"async\" width=\"375\" height=\"400\" src=\"https:\/\/mockenundheinen.de\/wp-home\/wp-content\/uploads\/2021\/05\/Gelaender_02.jpg\" alt=\"\" data-id=\"25\" data-full-url=\"https:\/\/mockenundheinen.de\/wp-home\/wp-content\/uploads\/2021\/05\/Gelaender_02.jpg\" data-link=\"https:\/\/mockenundheinen.de\/wp-home\/index.php\/sample-page\/gelaender_02\/\" class=\"wp-image-25\" srcset=\"https:\/\/mockenundheinen.de\/wp-content\/uploads\/2021\/05\/Gelaender_02.jpg 375w, https:\/\/mockenundheinen.de\/wp-content\/uploads\/2021\/05\/Gelaender_02-281x300.jpg 281w\" sizes=\"auto, (max-width: 375px) 100vw, 375px\" \/><\/figure><\/li><li class=\"blocks-gallery-item\"><figure><img loading=\"lazy\" decoding=\"async\" width=\"279\" height=\"400\" src=\"https:\/\/mockenundheinen.de\/wp-home\/wp-content\/uploads\/2021\/05\/Treppe_03.jpg\" alt=\"\" data-id=\"22\" data-full-url=\"https:\/\/mockenundheinen.de\/wp-home\/wp-content\/uploads\/2021\/05\/Treppe_03.jpg\" data-link=\"https:\/\/mockenundheinen.de\/wp-home\/index.php\/sample-page\/treppe_03\/\" class=\"wp-image-22\" srcset=\"https:\/\/mockenundheinen.de\/wp-content\/uploads\/2021\/05\/Treppe_03.jpg 279w, https:\/\/mockenundheinen.de\/wp-content\/uploads\/2021\/05\/Treppe_03-209x300.jpg 209w\" sizes=\"auto, (max-width: 279px) 100vw, 279px\" \/><\/figure><\/li><li class=\"blocks-gallery-item\"><figure><img loading=\"lazy\" decoding=\"async\" width=\"387\" height=\"300\" src=\"https:\/\/mockenundheinen.de\/wp-home\/wp-content\/uploads\/2021\/05\/Gelaender_03.jpg\" alt=\"\" data-id=\"26\" data-full-url=\"https:\/\/mockenundheinen.de\/wp-home\/wp-content\/uploads\/2021\/05\/Gelaender_03.jpg\" data-link=\"https:\/\/mockenundheinen.de\/wp-home\/index.php\/sample-page\/gelaender_03\/\" class=\"wp-image-26\" srcset=\"https:\/\/mockenundheinen.de\/wp-content\/uploads\/2021\/05\/Gelaender_03.jpg 387w, https:\/\/mockenundheinen.de\/wp-content\/uploads\/2021\/05\/Gelaender_03-300x233.jpg 300w\" sizes=\"auto, (max-width: 387px) 100vw, 387px\" \/><\/figure><\/li><\/ul><\/figure>\n","protected":false},"excerpt":{"rendered":"<p>Wir bieten Ihnen auch f\u00fcr den Au\u00dfenbereich professionellen Metallbau der keine W\u00fcnsche offen l\u00e4sst. Beispiele w\u00e4ren da z.B. Balkongel\u00e4nder, Terrassengel\u00e4nder, Au\u00dfentreppen, Podeste oder Vord\u00e4cher f\u00fcr Ihre Eingangst\u00fcre und vieles mehr. Dazu k\u00f6nnen die Unterschiedlichsten Materialien eingesetzt werden. Wie z.B. Edelstahl (V2A oder V4A) sowie verzinkter oder lackierter Stahl.<\/p>\n","protected":false},"author":1,"featured_media":0,"parent":0,"menu_order":0,"comment_status":"closed","ping_status":"closed","template":"","meta":{"footnotes":""},"class_list":["post-68","page","type-page","status-publish","hentry"],"_links":{"self":[{"href":"https:\/\/mockenundheinen.de\/index.php\/wp-json\/wp\/v2\/pages\/68","targetHints":{"allow":["GET"]}}],"collection":[{"href":"https:\/\/mockenundheinen.de\/index.php\/wp-json\/wp\/v2\/pages"}],"about":[{"href":"https:\/\/mockenundheinen.de\/index.php\/wp-json\/wp\/v2\/types\/page"}],"author":[{"embeddable":true,"href":"https:\/\/mockenundheinen.de\/index.php\/wp-json\/wp\/v2\/users\/1"}],"replies":[{"embeddable":true,"href":"https:\/\/mockenundheinen.de\/index.php\/wp-json\/wp\/v2\/comments?post=68"}],"version-history":[{"count":10,"href":"https:\/\/mockenundheinen.de\/index.php\/wp-json\/wp\/v2\/pages\/68\/revisions"}],"predecessor-version":[{"id":129,"href":"https:\/\/mockenundheinen.de\/index.php\/wp-json\/wp\/v2\/pages\/68\/revisions\/129"}],"wp:attachment":[{"href":"https:\/\/mockenundheinen.de\/index.php\/wp-json\/wp\/v2\/media?parent=68"}],"curies":[{"name":"wp","href":"https:\/\/api.w.org\/{rel}","templated":true}]}}